ommon factor of w and 20.
10
Let y = 1143 - 1125. What is the highest common divisor of y and 18?
18
Let a be (-6)/2 + 1 - (-54 + 12). Suppose a*p + 78 = 42*p. What is the greatest common divisor of p and 78?
39
Suppose -5*c + 31 = h, 3*c - 57 = -3*h + 6*c. Let y = 33 - h. What is the greatest common factor of 42 and y?
6
Suppose -8 = 3*w - 35. Let v = 29288 + -29216. What is the greatest common divisor of v and w?
9
Let p = -60 + 76. Let c = -2 + p. What is the highest common divisor of c and 266?
14
Let m(g) = -g**3 - 18*g**2 - 3*g - 8. Suppose 16*s = 20*s + 72. Let c be m(s). What is the highest common factor of c and 322?
46
Let b be -5 - 7/(84/(-348)). Calculate the greatest common divisor of 384 and b.
24
Let n be -7 - ((-21854)/38 - 6/(-57)). What is the greatest common divisor of n and 355?
71
Suppose -4*x + d = -4*d + 31, 0 = -2*x - 4*d - 22. Let z = x - -6. Let g = 15 + z. What is the highest common divisor of g and 72?
12
Let p(i) = 3*i - 3. Let s be p(3). Let q be (s/(-4 + 1))/2. Let j(l) = -128*l**3. Let b be j(q). Calculate the highest common divisor of 16 and b.
16
Suppose 12*g = 2*g - 4900. Let d be ((-22)/5 + 4)*g. What is the greatest common divisor of 28 and d?
28
Let m(x) = -3*x**2 + 5*x + 7. Let d be m(3). Let k be 178/14 - 10/(-35). Let p = d + k. Calculate the greatest common factor of 56 and p.
8
Let m(s) = 3*s**3. Let f be m(1). Suppose -f*r - 5*r + 184 = 0. Calculate the highest common factor of r and 92.
23
Let s be ((-5)/25 - (-546)/(-120))*-92. Calculate the highest common factor of s and 46.
23
Suppose -v = -18 + 17. What is the greatest common divisor of 18 and v?
1
Suppose -2*j - 2*j - 181 = 5*z, -4*j = 3*z + 179. Let g = j - -64. What is the greatest common factor of 140 and g?
20
Let x = 525 - 485. Let g be -3*((-9)/3)/3. Suppose 2*m - g = 17. Calculate the greatest common divisor of m and x.
10
Let p be -15*((-21)/(-20))/((-6)/144). Suppose 8*n - p = n. Calculate the greatest common factor of 27 and n.
27
Let n be ((-14)/35)/((-2)/(-150)). Let z = -6 - n. Calculate the greatest common factor of z and 16.
8
Let a(r) = r**2 - 16*r - 3. Let w be a(17). Suppose 5*s - 114 = -w. Suppose 140 = 3*h - 2*u, h + 0*u - 45 = u. What is the greatest common divisor of h and s?
10
Let q(z) = 110*z**2 - 20*z + 20. Let u be q(3). What is the greatest common divisor of u and 50?
50
Let q = 300 + -452. Let t = q - -107. Let u = 101 + t. Calculate the greatest common divisor of 8 and u.
8
Let y be (-84)/24 + 4 + 27/2. Calculate the highest common divisor of y and 238.
14
Let z be ((-4)/2)/(10/165). Let s = -19 - z. What is the highest common factor of s and 126?
14
Let y be (8/(-6))/(4/(-6)). Let q be 25 - (-1 - (1 + y)). Let u = q + -14. Calculate the greatest common factor of u and 15.
15
Suppose -1 + 0 = l + 4*o, -3*o - 3 = 0. Suppose 3 = v, -6 = l*n - 0*n - 3*v. What is the greatest common factor of 1 and n?
1
Let l = 4 + 7. Suppose -5*n = -l + 1. Suppose -g = 5*t - 270, 3*t = -n*t - 20. Calculate the highest common divisor of g and 29.
29
Suppose -c + 5*c = 5*x + 115, -2*c = 4*x - 64. Calculate the greatest common factor of c and 75.
15
Let p(k) = -k**3 - 2*k**2 - 4*k + 1. Let g be p(-3). Suppose -334 = -3*w + b, -2*w + 224 = -4*b + 3*b. What is the greatest common factor of g and w?
22
Let h(l) = -18*l + 34. Let j be (-19)/5*3 - 112/(-280). Let m be h(j). Calculate the highest common factor of 29 and m.
29
Let n(d) = -2*d**2 - 62*d + 82. Let i be n(-32). Calculate the highest common divisor of i and 6.
6
Let c(n) = 2*n**3 + 4*n**2 - 10*n - 3. Let s be c(-8). Let r = s + 1010. What is the highest common divisor of 29 and r?
29
Suppose 5*j - w - 2*w - 156 = 0, -w = j - 28. Suppose -18 - j = -u. What is the greatest common divisor of u and 16?
16
Let l(b) = 2*b**2 - 46*b + 96. Let p be l(22). What is the greatest common factor of p and 299?
13
Let q(u) = 23*u - 15*u - 11*u**3 - 2 - 10*u. Let k be q(-1). Calculate the highest common factor of k and 55.
11
Suppose 0 = -26*f + 29*f - 12. What is the greatest common factor of 2 and f?
2
Let d(j) = 2*j**2 - 27*j - 43. Let t be d(20). Suppose 0*s - 7*s + t = 0. What is the highest common divisor of s and 341?
31
Let g = 15 - 17. Let j be (546/(-35))/(g/10). Suppose -390 = -3*k + j. Calculate the highest common factor of 26 and k.
26
Let j = -65 - -87. What is the greatest common divisor of j and 88?
22
Suppose 2*f - 3*l + 444 - 1056 = 0, 3*f = -5*l + 956. What is the greatest common divisor of 120 and f?
24
Let o(u) = -14 + 4*u - 4*u + 3*u. Let l be o(10). Let p be 8/3*-10*-3. Calculate the greatest common divisor of p and l.
16
Suppose -7 = -3*i - 10, -4*i - 181 = -f. Calculate the greatest common divisor of 12 and f.
3
Let k = -500 - -1327. Suppose 3*v - 4*p = -1636, -2*v - p - 668 - 441 = 0. Let q = k + v. What is the highest common factor of 25 and q?
25
Suppose 0*b - 1 = b - 5*d, -3*b - 2*d + 65 = 0. Let c(x) = x**2 + 21*x - 794. Let k be c(22). What is the greatest common divisor of b and k?
19
Suppose 4*o + 0 = 8. Suppose -o*g = 2*g - 12, 4*j + 3*g = 149. Suppose 3*b - 2*c - 48 = -0*c, 3*b = 3*c + 51. Calculate the highest common factor of b and j.
7
Suppose x + 18 = -2*x. Let q = x - -22. Suppose -1 = 5*s - q. Calculate the highest common divisor of 21 and s.
3
Let u(z) = 8*z**2 + z + 38. Let p be u(-7). Calculate the highest common divisor of p and 94.
47
Let v = 22 + -22. Let t(g) = -g**3 + 112. Let k be t(v). Let c be 28 + 0/(4 + -1). Calculate the highest common factor of k and c.
28
Suppose -b = p + 5 - 25, -5 = 5*p. Let q(v) = v**3 - v**2 + 2*v - 5. Let l be q(5). Calculate the highest common factor of l and b.
21
Suppose -201 = -5*x - 71. Let t(s) = -18*s - 7. Let y be ((-9)/6)/(-3 + (-27)/(-8)). Let m be t(y). What is the greatest common factor of x and m?
13
Suppose k - 3*c - 13 = 0, c - 17 + 96 = 5*k. Suppose 503 = 5*s + 4*q + 83, -5*q - 215 = -3*s. Calculate the greatest common divisor of s and k.
16
Suppose 23*a = 19*a - 12, -a = 4*d - 4169. What is the highest common factor of d and 21?
7
Let r be (-6)/21 - 46/(-14). Let n = r - 1. Let j = 393 - 371. What is the highest common factor of j and n?
2
Suppose 4*t + 5*q = 191, -27*q = 2*t - 24*q - 93. What is the greatest common factor of 1494 and t?
18
Let u = -1116 + 1144. Suppose -3*k - 135 = -723. Calculate the highest common factor of k and u.
28
Let w = 80 - 29. Let s(m) = 5*m + 2. Let o be s(3). What is the highest common factor of o and w?
17
Let i = 553 + -550. Calculate the highest common divisor of 2 and i.
1
Suppose 3*x + 2*d - 60 = -3*d, -15 = -5*d. What is the greatest common divisor of x and 18?
3
Let x(h) = -h + 36. Let u be x(0). Suppose -3*c + t + 9 + 49 = 0, -60 = -4*c - 3*t. Calculate the highest common divisor of u and c.
18
Let f be (44/10)/(3*5/225). Let k(x) = -10*x + 1. Let l be k(-1). Suppose -l = -u - 0. What is the greatest common factor of f and u?
11
Let x(q) = -q**3 + 5*q**2 - 2. Let w be x(2). Let n = -10 + w. Suppose n = -i - 1, 4*c + 2*i = 18 + 40. What is the greatest common divisor of c and 165?
15
Let u be (-4)/(-3) + -2 + (-238)/(-51). What is the greatest common divisor of 134 and u?
2
Let d be 13418/20 + (14 + -2)/120. Calculate the highest common divisor of 61 and d.
61
Suppose -158 = -3*p + 4*l + 823, -2*p = 2*l - 640. What is the greatest common divisor of p and 51?
17
Suppose -2*f - f = 0. Suppose f = w - 3*w + 84. Let i = -77 + 105. Calculate the highest common divisor of i and w.
14
Let v = -119 - -211. Suppose 18 = 2*s - v. Calculate the highest common divisor of 5 and s.
5
Let s(c) = c**3 + 12*c**2 + 16*c + 21. Let l be s(-10). Let j = -49 + l. What is the highest common divisor of 12 and j?
12
Let h(o) = -o**2 - o + 9. Let b be h(-4). Let z = 15 + b. Let c(n) = -84*n**3 + n + 1. Let m be c(-1). Calculate the greatest common factor of m and z.
12
Suppose 0 = y + p - 125, y = p + 2*p + 137. What is the highest common factor of 144 and y?
16
Suppose -25*m + 1512 = 59*m. Let a = -177 - -276. Calculate the highest common factor of a and m.
9
Let i(u) = 62*u - 26 - u**2 + 33*u - 79*u. Let y be i(14). What is the greatest common divisor of 1 and y?
1
Suppose -5*f = -5*l + 125, 2*l = -2*f + 37 - 3. Let c be (-171)/(-45) - 8/10. Calculate the highest common factor of l and